 2. Let w(g) = -31*g + 2. Let f(m) = 2*m**2 - 52*m + 6. Let a be f(26). Let n(k) = a*w(k) + 5*y(k). Calculate n(l).
5
Let f(l) = 4*l - 1. Let v = 67 - 32. Suppose v = 4*w + 47. Determine f(w).
-13
Let h(k) be the third derivative of 0 - 1/4*k**4 + 0*k + 3*k**2 - 1/60*k**5 + 1/360*k**6 + 17/6*k**3. Let n(a) be the first derivative of h(a). Calculate n(5).
9
Let p(y) = -y**2 + 7*y - 1. Let k be (715/(-88) - 16/(-2))*-56. Determine p(k).
-1
Let f(l) = 13*l**2 + 55*l - 150. Let n(q) = 42*q**2 + 174*q - 451. Let t(p) = 13*f(p) - 4*n(p). Give t(6).
4
Let f(c) = -12*c**3 - c**2 + 42*c + 42. Suppose 4*i - r = -7, 5*r - 6*r = -5*i - 8. Let l be f(i). Let d(w) = -w. Determine d(l).
-11
Let s(m) be the first derivative of m**6/60 + m**5/120 - m**4/24 - m**3 - 3*m - 94. Let r(n) be the third derivative of s(n). What is r(1)?
6
Let r(w) = -w**2 + 21*w + 14. Suppose 32*t + 5162 = 5866. Determine r(t).
-8
Let q(l) = 35418*l - 17718*l - 17702*l. Suppose -4 - 6 = -2*z. What is q(z)?
-10
Let n(p) = -p + 9. Let u = -38 + 414. Let j = u + -366. Determine n(j).
-1
Let p(x) be the second derivative of x**5/20 - x**4/2 - x**3/2 + 4*x**2 - 69*x + 13. Suppose 3*z - 11 = 7. Give p(z).
-10
Suppose 11*h + 16*h - 264 = 5*h. Let b(f) = -26*f + 300. Calculate b(h).
-12
Let d(v) = -v**3 + 8*v**2 - 4*v - 10. Let j = 164 + -176. Let t be (-9)/(j + 3) - (0 + -6). Calculate d(t).
11
Suppose 3*v + 5 - 5 = 0. Let d(s) = -s**3 + 2*s**2 + 2*s - 1. Let i(z) = -9*z**3 + 17*z**2 + 15*z - 7. Let g(j) = -8*d(j) + i(j). Calculate g(v).
1
Let p(m) = 4*m**2 + 46*m + 31. Let t be p(-11). Let j(h) = -5*h + 1. What is j(t)?
-44
Suppose -22 = -0*t - 5*t - d, -5*d + 2 = -2*t. Let a(j) = 564*j + 2281. Let m be a(-4). Suppose -m = -r - t*r. Let x(h) = -h. Determine x(r).
-5
Suppose -t + 11*o + 7942 = 6*o, 31711 = 4*t - o. Let g(w) = -7935*w + t*w - 1 - 2 - w**2. Suppose 0 = 2*c - l + 5, 5*c - 2*l + 15 = -0*l. Give g(c).
12
Let s(b) = -416 - 404 + 840 + 3*b - 2*b + b**3 + 5*b - 10*b**2. Give s(9).
-7
Let z(i) be the first derivative of -23*i**5/60 + i**4/12 - i**3/6 - 21*i**2/2 + 23. Let k(a) be the second derivative of z(a). Calculate k(1).
-22
Suppose 0 = -4*j + 13*r + 7, 9*r + 15 = -3*j + 12*r. Let b(d) = -2*d**2 + 4*d + 3*d**2 - 2*d**2 - 8 - 12*d. What is b(j)?
-8
Let f(p) = 7*p**3 + 470*p**2 + 65*p - 137. Let j be f(-67). Let o(y) = -9*y**2 - 28*y + 5. Calculate o(j).
8
Suppose 4*t - 21 = -3*m, 10*t = -5*m + 11*t + 12. Let x(a) = -m*a + 22*a - 8*a**2 - 20*a. Let l = -2 + 1. Determine x(l).
-7
Let o(i) be the third derivative of -i**6/120 + 3*i**5/20 - i**4/4 - 2*i**3/3 + 2*i**2 - 63*i + 5. Suppose 7*x = 3*x + 32. Determine o(x).
12
Let w(o) = 11*o**3 + 4*o. Suppose 77*b - 20*b = 114. Let j(u) = -50*u**3 - u**2 - 17*u. Let v(i) = b*j(i) + 9*w(i). Suppose m = 3*m - 4. Calculate v(m).
-12
Let t(p) = -p**2 - 11*p - 9. Let h = -233 - -233. Suppose -15*g - 3*g - 162 = h. Give t(g).
9
Let h(t) = t + 4 - 5 + 2 + 3*t. Suppose 5*n = 5*x - 30, -1 = 3*x + n - 15. Suppose -x - 7 = 4*m. Calculate h(m).
-11
Let v(y) be the first derivative of -7*y**2/2 + 37*y - 1037. Determine v(9).
-26
Let s be (-4 - 1 - 5)*(-1)/(-2). Let l(n) = 4*n + 23. Let u be l(s). Let a = 9 - u. Let z(b) = b**3 - 6*b**2 + 2*b - 6. What is z(a)?
6
Let i(z) = -z**2 - 6*z - 8. Let p = 719 - 701. Let y be 2*(-8)/48*p. Give i(y).
-8
Suppose 0 = 4*w - w - 18. Let g(l) = -18*l**2 + 1. Let y(o) = 107*o**2 + 8*o - 1. Let f(a) = 6*g(a) + y(a). Calculate f(w).
17
Let x = 4 - 2. Suppose 2*o + 28 = 2*c, -4*o = x*c - 0*o + 2. Let n(t) = -87*t - 5 + 97*t + 89*t**2 + 85*t**2 + 1 - 175*t**2. Determine n(c).
5
Let x(d) = -d**2 + 6*d - 2. Suppose 2*w - 4*p + 0*p + 8 = 0, -3*w = -p - 3. Let u(s) = 4*s + 27*s**2 - 28*s**w + 2*s. Let n be u(5). What is x(n)?
3
Suppose 6*d - 1 = 5*d. Let r(j) = 229 + 234 + 9*j - 464. Calculate r(d).
8
Suppose 12*x - 13 = 2*w + 17*x, 2*x + 2 = 0. Let m(n) = 5*n**2 + 7*n + 18. Let j(q) = 4*q**2 + 6*q + 14. Let u(h) = w*j(h) + 3*m(h). Give u(-2).
0
Let k(d) = 99 + 83 + 77 - 281 + 12*d. Calculate k(3).
14
Let q be 3/(4 - (1 - 0)) + 1. Let s(x) = -1 + 105*x - 4*x**2 - 103*x + 2*x**q. Let n be (-80)/(-36) - (-2)/(-9). Determine s(n).
-5
Let c(x) = -457133*x**2 + 4*x + 7 + 457131*x**2 - 2 - x**3. What is c(3)?
-28
Let z(h) = -1169 + h + 568 + 576. Give z(22).
-3
Let o be -5*(-12)/(-84)*-7. Let z(i) = i**3 - 4*i**2 - 6. Give z(o).
19
Let a(r) = 7*r**3 + 18*r**2 + 6*r - 86. Let p(n) = 16*n**3 + 37*n**2 + 11*n - 179. Let l(f) = 7*a(f) - 3*p(f). Calculate l(-14).
5
Let h(i) = -i - 2. Suppose -5*j + 15 = s, -4*s = -7*s - 2*j + 19. Let z(t) = t - 9. Let v be z(9). Suppose -2*y + 3*f + 30 = y, 5*y + s*f = v. Give h(y).
-7
Let d(g) = -g**3 + 13*g**2 - 15*g - 35. Let r be d(8). Let a(s) = -9*s - s**2 + 330 + 0*s**2 - 165 - r. What is a(-10)?
-10
Suppose 4 + 1 = -5*n. Let g = 52 - 45. Let q(r) = 8 - g + 5*r + 12*r. Determine q(n).
-16
Let s(r) = 10*r**3 + 15*r**2 + 28*r + 25. Let h(b) = -3*b**3 - 5*b**2 - 9*b - 8. Let d(q) = 7*h(q) + 2*s(q). Let y be (4 - 455/105)*12. Calculate d(y).
6
Let c(h) = -6*h. Let y(a) = 5*a**3 + 97*a**2 + 71*a**2 - 21*a - 146*a**2 + 11 - 7*a**3. Let n be y(10). What is c(n)?
-6
Let j(u) = 2*u**3 + 30*u**2 - 22*u - 19. Let d(i) = -3*i**3 - 46*i**2 + 33*i + 28. Let v(p) = -7*d(p) - 11*j(p). What is v(-9)?
-5
Let q be -6*31/(-1116) + (-130)/(-12). Let h(y) = -4*y + 37. Determine h(q).
-7
Let l(p) = -p**2 + 2*p**2 + 5*p - 11 + 15. Suppose f = 2*w - 0*w + 5, -w - 6 = -4*f. Let k be f/(100/15 - 7). What is l(k)?
-2
Let b(c) = c**2 + 11*c - 7. Let m be (8 - (-48)/(-8)) + (-2 - 0). Let h(l) = -33*l - 7. Let f be h(m). Give b(f).
-35
Let y be 84/49*(-434)/(-186). Let g(q) = q**3 + 13*q**2 - 68*q - 9. What is g(y)?
-9
Let l(i) = 8*i - 18. Let h(x) = 3*x - 9. Let w(a) = -a**2 + 14*a + 30. Let z be w(16). Let b(v) = z*l(v) + 5*h(v). Give b(-11).
2
Let n be (-4)/14*(17/51 + (-46)/12). Let x(o) = -122*o + 5. Calculate x(n).
-117
Let u(m) = 13*m**3 + 12*m**2 + 63*m - 3. Let g(y) = 11*y**3 + 11*y**2 + 53*y - 4. Let c(h) = 6*g(h) - 5*u(h). Calculate c(-4).
11
Let c(a) be the first derivative of 5*a**2 + 78*a + 2472. What is c(-8)?
-2
Let u(r) = r**3 - 6*r**2 + 11*r - 22. Let q be u(5). Suppose 12 = q*n - 2*n. Let o(b) = -6*b + 1. Determine o(n).
-11
Let g(z) = 7*z - 3. Let f(i) = 2*i**3 + 30*i**2 - 31*i - 28. Let u be f(-16). Let t = 46 + u. Give g(t).
11
Let w(l) = 36*l - 6. Let n(b) = 27*b - 54. Let x be n(2). Let i be w(x). Let s(r) = -1 + 7 + 0 + r - 1. Determine s(i).
-1
Let b(d) = 64*d - 39*d + 0 - 41*d - 16 + 12*d. Determine b(-7).
12
Suppose -l + 2*q = 4 - 15, -5*q = -40. Let k(j) = 12*j - 329. Calculate k(l).
-5
Let x(q) = -7 + 0 + 13*q - 1 + q**3 - 1 + 15*q**2. Let w be x(-14). Let b(i) be the third derivative of -i**4/24 + 3*i**3/2 - 423*i**2. Determine b(w).
4
Let b = -77 - -80. Let h(n) = -n**b - n - 3 - 4*n**2 + 7*n + 13 - 4. Let t(c) = c**2 - 4*c - 5. Let d be t(4). Give h(d).
1
Let q(x) be the second derivative of x**4/12 + 13*x**3/6 - 30*x**2 - 3*x + 166. What is q(-16)?
-12
Let x(v) = v**3 - 11*v**2 - 13*v + 5. Let b be 150 + -1*(-48)/8. Suppose -77*q = -64*q - b. Give x(q).
-7
Let w(a) = -3*a - 18. Suppose 12 = 2*j + 8*d - 10*d, 0 = 16*j - 4*d - 24. Give w(j).
-18
Let h(z) = 9*z - 2. Suppose -4*t = 4*w - 24, -16 = -4*t - w + 8. Suppose -3 = -m - k, t = 3*m - m + k. Determine h(m).
25
Suppose 341*w - 12*w - 658 = 0. Let k(u) be the second derivative of -2/3*u**3 - 1/6*u**4 + 3/2*u**w - 42*u + 1/20*u**5 + 0. What is k(3)?
0
Let s(q) = q**2 - 14*q - 27. Let c be s(16). Suppose c*z - 4*x = 45, 3*z + 0*x + x = 44. Suppose -7*k + 36 = -z*k. Let t(l) = -2*l - 1. Give t(k).
11
Let b(h) = -86 + 32 + 9*h + 35 - 7*h - h**2 + 30 + 5*h. Let p(w) = w**2 - 4*w + 4. Let n be p(5). What is b(n)?
-7
Let k(u) = -6*u + 45. Let z(i) = -i**3 + 9*i**2 + 57*i - 374. Let d be z(11). Give k(d).
-21
Let s(b) = 11*b - 71. Suppose 0 = -160*q + 162*q + 5*o - 4, 0 = -2*q - o + 12. Determine s(q).
6
Let o(c) = 2 + 17*c + 28*c + 1 + c. Calculate o(-2).
-89
Let z(d) be the third derivative of -d**5/10 - 5*d**4/24 + 7*d**3/6 + 355*d**2 + 5. Determine z(2).
-27
Let m(w) = 6*w**3 - 7*w**2 - w + 2. Let f(h) = 10*h**3 - 10*h**2 - h + 3. Let b(q) = -2*f(q) + 3*m(q). Calculate b(1).
-4
Let w(o) = o + 1. Suppose 4*q - q - t - 85 = 0, 3*q + t = 89. 